2 = 6*n - 2*n + 4*x. Is n a composite number?
False
Suppose g + s - 1407 - 346 = 0, -g - 2*s = -1753. Is g composite?
False
Is 11 - (-102991 + 6/6) prime?
True
Is ((-468)/(-24))/((-3)/(-142)) a prime number?
False
Suppose 4*t - 6*t - 2 = 0. Let v(c) = c + 1. Let y(s) = -35*s**3 + s**2 - 4*s - 5. Let u(z) = 6*v(z) + y(z). Is u(t) composite?
True
Let p = -38 - -54. Suppose 4*w = -3*s - p, -s = -2*s - 2*w - 4. Let t = 359 - s. Is t a prime number?
True
Let i = 6658 + -929. Is i a prime number?
False
Let v = 53 - 107. Is 9/(v/244)*-3 a prime number?
False
Let a(b) = 1547*b - 10. Let z be a(2). Suppose 5*y = 5*x - z + 509, -2589 = -5*x - 2*y. Is x composite?
True
Let x(m) = m**2 + 7*m + 4. Let v be x(-7). Let a = v - -91. Is a a prime number?
False
Let r = -827 + 11478. Is r a composite number?
False
Suppose -4*m + 20 = m, 2*u - 3*m - 456 = 0. Is 2/(-9) - (-39130)/u prime?
True
Let q(c) = 253*c**3 - c**2 - 24*c + 64. Is q(3) a composite number?
True
Suppose -3*c - 60 + 336 = 0. Suppose 3*a - 10*a = -28. Is ((-26)/a)/((-2)/c) prime?
False
Let y(n) = 66*n**2 + 4*n + 1 + 4*n + 8 - 4*n. Is y(-4) composite?
False
Suppose -4*j = -j - 3597. Is j composite?
True
Suppose -3*l = l - 32. Let v = 211 - l. Is v a composite number?
True
Suppose -5*x + p - 40 = 0, 0 = -3*x - 5*p + 3 + 1. Let a = -4 - x. Suppose 5*s = 5*z - 235, 6*z + a*s = z + 203. Is z composite?
False
Is (-78)/(-65) + (-249899)/(-5) prime?
False
Let i = 115578 - 80476. Is i prime?
False
Suppose -65*w + 490950 = -923385. Is w a composite number?
True
Let k = 6819 - -304. Is k a composite number?
True
Let i(y) = -y**3 - 9*y**2 + 2. Let n = 8 - 17. Let p be i(n). Suppose p*a = -0*s - 2*s + 90, 106 = 2*s - 2*a. Is s a prime number?
False
Suppose 0 = x + 5*l - 5366, l - 10759 = 3*x - 5*x. Is x a prime number?
True
Let i(s) = 36*s**2 - 13*s + 8. Let b(j) = 36*j**2 - 12*j + 7. Let c(m) = 3*b(m) - 2*i(m). Is c(-6) prime?
True
Let c(s) = s**3 - 4*s**2 + 2*s + 12. Let n be c(4). Let y(f) = -f**2 - f + 34. Let a be y(0). Let v = a - n. Is v composite?
True
Let a(m) = -m. Let b(x) = 19*x - 9. Let p(f) = 5*a(f) + b(f). Let d be (-7)/(-28) + 54/8. Is p(d) prime?
True
Let s(p) = 6*p - 11 + 14 - 11*p**3 + 2*p**2 + 5. Is s(-3) a composite number?
True
Let a = -1242 + 55448. Is a composite?
True
Let j be (14/21)/((-3)/(-9)). Suppose -s + j*b = -297, 2*s + b - 1474 = -3*s. Is s composite?
True
Let w = -3737 - -7511. Suppose -4*u + 2470 + w = 0. Is u prime?
False
Suppose -28 - 143 = -3*m. Suppose -4*x - m = -4*s + 983, 3*s = -x + 776. Is s prime?
False
Let u(s) = 50*s**2 + 6*s + 21. Let x be u(9). Let o = -2810 + x. Is o prime?
False
Suppose 13*a = 1712375 - 586510. Is a composite?
True
Suppose 4*o - s - 37304 = 0, 2*o + s = -613 + 19271. Is o prime?
False
Suppose 0 = c + 2*c + 24. Let z be -3 - 0 - (c + 3). Is (z - (31 - -2))*-1 prime?
True
Suppose 3*b + 3*y - 11805 = 0, 5*y + 4967 = b + 1020. Is b composite?
True
Suppose 30 = 2*z - 5*k, -6*k = z - 2*k + 11. Suppose 4*r - 3*b - 45 = 316, 5*r = b + 465. Suppose r = z*d - 3*d. Is d a composite number?
False
Suppose -3*w = -1880 - 1975. Suppose 11*b = 6*b + w. Is b a prime number?
True
Let d = -12289 - -25728. Is d a prime number?
False
Let i(m) = 4 + 6 - 14*m + 4 - 27. Let a be ((-15)/(-4))/((-15)/40). Is i(a) a composite number?
False
Suppose -m = -3*x + 12, 4*x - 39 = -4*m - 7. Suppose -5*f + 3*j = -259, 0 = m*f + f + j - 214. Is f composite?
False
Let m(w) = 3*w**3 + 0*w - 3*w**2 + w + 9 - 4*w - 2*w**3. Let q be m(7). Let l = q + -90. Is l a prime number?
False
Let w(z) = -150*z + 359. Is w(-27) a composite number?
False
Is ((-4)/(-3) - 1)*36117 prime?
False
Let l be (-2)/(-2)*-3*3892/(-12). Suppose 92 + l = 3*m. Is m prime?
False
Suppose 4*a + 24 = 7*a. Let t(k) = -31*k**2 - 12*k + 3. Let s be t(a). Let c = -1010 - s. Is c prime?
False
Suppose -6 = -5*y + 74. Suppose -16 = -7*l + 89. Let c = l + y. Is c a prime number?
True
Suppose -9*h + 27032 = -5*h - 3*z, -h - 3*z + 6773 = 0. Is h prime?
True
Let v(a) = 3113*a**2 + 15*a - 19. Is v(3) a composite number?
True
Let m = -43 + 46. Suppose -i + 1803 = -0*i - g, -m*g = 6. Is i a composite number?
False
Let h(p) = -18*p**3 + 4*p**2 - 14*p - 19. Is h(-7) a composite number?
False
Suppose 5*j - 126 = 2*h + 57, 189 = 5*j + 4*h. Is j a composite number?
False
Let f = -177 + 1828. Is f composite?
True
Suppose -4*a = -3*w - 20171, -5*a + 0*a = 5*w - 25170. Is a a composite number?
False
Let a = -13 - -22. Let k(b) = 3*b**3 + 21*b**2 + 6*b - 29. Let o(v) = 13*v**3 + 84*v**2 + 23*v - 116. Let n(m) = a*k(m) - 2*o(m). Is n(-20) prime?
True
Let w = -22044 - -83375. Is w composite?
False
Let d(m) = -8*m - 25. Let t(u) = -8*u - 26. Let p(a) = 6*d(a) - 5*t(a). Let b be p(-7). Is (-12)/b*(-111)/1 a composite number?
False
Let z(t) be the third derivative of 7*t**5/60 - 7*t**4/12 - 13*t**3/6 + 15*t**2. Is z(16) prime?
False
Let q(w) = -24*w**2 - 7*w - 7. Let o(t) = -23*t**2 - 6*t - 7. Let k(a) = -4*o(a) + 3*q(a). Is k(-3) a composite number?
True
Is (-3)/((-18)/(-55244))*27/(-18) prime?
False
Let y(t) = 15*t**2 + 8*t + 13. Suppose 2*i - 14 = i - 4*g, 5*g = 25. Is y(i) a prime number?
False
Suppose -f + w = -1, 2*f = -3*f - w + 11. Let r(t) = t + 15*t**2 + 8*t**2 + 10*t**f + 0*t - 1. Is r(1) prime?
False
Let g(d) = -592*d - 1. Let y be g(-1). Let i = y + -250. Is i a prime number?
False
Let t(y) = -2*y - 12. Let z be t(-7). Suppose -669 = -3*r + 3*m, -2*m - m - 446 = -z*r. Is r a composite number?
False
Let d(g) = 481*g**2 - g - 5. Is d(-3) prime?
True
Let j(t) = -t**2 + 11*t - 2. Let a be j(9). Suppose 3*o - a = -o + 2*v, 3*v = 0. Suppose -m + 3 = 0, -3*w + o*w - 43 = -4*m. Is w prime?
True
Let b(m) = -m**3 + 7*m**2 + m. Let i be b(7). Suppose 4*j = i*j - 195. Is 25795/j - (-2)/13 prime?
True
Suppose 6*c - 8*c = 16. Is ((-1852)/c + -3)*2 a composite number?
False
Let c(y) be the third derivative of 7*y**5/2 + y**3/6 - y**2. Let p be (4/32)/((-1)/(-8)). Is c(p) a prime number?
True
Let c(d) = 5*d**2 + 65*d - 9. Is c(-41) prime?
False
Let g = -15210 - -22803. Is g composite?
True
Let m = 24686 + -16603. Is m prime?
False
Suppose 11058 + 45837 = 5*n. Is n a composite number?
True
Is (271157/93)/((-3)/(-9)) a composite number?
False
Let f(p) = 2*p + 3*p + 2*p**2 - 3 - p - 2*p. Suppose -3*y + 10 = -2. Is f(y) prime?
True
Suppose t - 7 = -11. Is -2 + -3 - 289*t composite?
False
Suppose 9 = 10*t - 1. Is 221/t + (6 - 18)/(-6) prime?
True
Suppose 6*b = 1128 + 810. Is b prime?
False
Let f(q) = -3*q**2 - 5*q - 2. Let k be f(-3). Let i(y) = -y**3 - 13*y**2 - 22*y - 19. Is i(k) a prime number?
False
Let r(m) = m**3 + 10*m**2 + 14*m + 6. Let y = -36 - -62. Suppose 4*o + k + y = -k, -39 = 3*o - 5*k. Is r(o) composite?
True
Let r = -5 - -8. Suppose -2*a + 4*a + r = c, -4*a = 4*c - 24. Suppose 0 = c*w - 216 - 239. Is w a prime number?
False
Is (-70212)/(-8) + 4/(-8) + 3 a prime number?
True
Let q(b) be the first derivative of -19*b**2/2 + b - 1. Let h(o) = 9*o. Let j(s) = 7*h(s) + 3*q(s). Is j(5) composite?
True
Suppose 0 = 5*n + 2*w + 225, 4*w = 3*w. Let o = 137 + n. Suppose 5*m = m + o. Is m composite?
False
Suppose 4*s - 5*c - 155476 = 0, -3*s - c + 101276 = -15331. Is s a composite number?
True
Is -1*(2 + 0 - 3)*4613 a prime number?
False
Is 7283*(-2 + 3)/1 + 0 a prime number?
True
Let g = 18 + -14. Let z be g*(-4 + 27/4). Let f = 11 + z. Is f prime?
False
Suppose -80*d + 16*d = -2504768. Is d composite?
True
Let m = -4157 - -6825. Suppose 13*k - m = 9*k. Is k composite?
True
Let n(o) = 5*o**2 - 11*o - 8. Let p(z) = 4*z**2 - 10*z - 7. Let t(k) = -3*n(k) + 4*p(k). Let m be t(8). Is m + -2 + 2 + 467 a prime number?
False
Suppose -2*r - 5*t = -8908, 5*r - 13955 = -5*t + 8345. Let u be 188/(-108)*-3 + 6/(-27). Is (-1)/u + r/20 prime?
True
Let g(t) be the second derivative of -26*t**3/3 + 3*t**2/2 + t. Suppose 0*r - 2*r - 5*o = 28, 0 = -3*r + 5*o + 8. Is g(r) composite?
False
Let s(x) = 197*x**2 - x - 5. Let l be -3 + 9/6 + (-5)/10. Is s(l) composite?
True
Let w = -1101 + 3154. Is w a composite number?
False
Let y(c) = -3*c. Let z be y(-1). Suppose -z*s - 2*g = -7747, 2*s + 0*g - g = 5153. Is s prime?
True
Suppose -3*t + 6*t - 15 = 0. Let y be (t - 6)/(1/(-1401)). Suppose a + y = 4*a. Is a a composite number?
False
Let z = 946 + 15001. Is z a p